rime?
False
Is 1909 composite?
True
Is 19571 prime?
True
Is 3989 composite?
False
Is 10289 composite?
False
Is 377759 prime?
False
Is 304295 prime?
False
Is 587 a composite number?
False
Is 74843 prime?
True
Is 67573 a prime number?
False
Is 1021651 prime?
True
Is 1636291 a prime number?
True
Is 338617 prime?
False
Is 1511585 prime?
False
Is 8531 composite?
True
Is 5913031 prime?
True
Is 7349 a prime number?
True
Is 516311 composite?
True
Is 4896863 a prime number?
True
Is 99683 a composite number?
True
Is 5447 a composite number?
True
Is 3847 a composite number?
False
Is 557 a composite number?
False
Is 531569 composite?
False
Is 253537 a prime number?
True
Is 3677 a prime number?
True
Is 44297 a prime number?
False
Is 484151 a composite number?
False
Is 571 prime?
True
Is 96953 prime?
True
Is 1651 prime?
False
Is 443711 prime?
True
Is 22522 prime?
False
Is 32831 a prime number?
True
Is 29135 a prime number?
False
Is 17002 a prime number?
False
Is 55103 prime?
True
Is 74435 a composite number?
True
Is 265033 a prime number?
False
Is 173909 a composite number?
False
Is 155347 prime?
False
Is 3958 composite?
True
Is 78209 a composite number?
True
Is 61379 a prime number?
True
Is 101267 a composite number?
False
Is 7663 composite?
True
Is 244271 composite?
True
Is 70823 prime?
True
Is 188663 a composite number?
True
Is 3607 composite?
False
Is 21683 composite?
False
Is 151121 prime?
True
Is 2949 a composite number?
True
Is 3959 prime?
False
Is 176699 prime?
True
Is 2291 a composite number?
True
Is 2962 prime?
False
Is 261283 composite?
True
Is 18397 a composite number?
False
Is 67973 a composite number?
True
Is 1461 prime?
False
Is 18427 prime?
True
Is 653879 a composite number?
False
Is 56659 prime?
True
Is 653963 prime?
True
Is 2427 composite?
True
Is 86753 a composite number?
False
Is 300449 a prime number?
False
Is 71057 composite?
True
Is 71963 prime?
True
Is 23723 a prime number?
False
Is 251 a prime number?
True
Is 18479 composite?
True
Is 61219 a prime number?
False
Is 11105 composite?
True
Is 324443 composite?
True
Is 27259 composite?
False
Is 73211 a composite number?
True
Is 71663 composite?
False
Is 87005 a prime number?
False
Is 31237 a composite number?
False
Is 1346 composite?
True
Is 330053 a composite number?
False
Is 54869 prime?
True
Is 1410599 a composite number?
False
Is 77581 a composite number?
True
Is 5857 a composite number?
False
Is 15937 a prime number?
True
Is 13367 prime?
True
Is 64507 prime?
False
Is 1416371 a prime number?
False
Is 126683 a composite number?
False
Is 20287 composite?
False
Is 346201 a prime number?
True
Is 3587 prime?
False
Is 480287 a prime number?
True
Is 21311 a composite number?
True
Is 2203 prime?
True
Is 1538773 prime?
True
Is 2129 composite?
False
Is 58715 composite?
True
Is 409369 a composite number?
False
Is 1928545 prime?
False
Is 654067 composite?
False
Is 35521 a composite number?
False
Is 39981 a composite number?
True
Is 74901 a prime number?
False
Is 2521 a composite number?
False
Is 63613 composite?
True
Is 71437 a composite number?
False
Is 19117 a prime number?
False
Is 21161 a composite number?
True
Is 1537 composite?
True
Is 3943 a composite number?
False
Is 43679 prime?
False
Is 3449 a composite number?
False
Is 1090813 a prime number?
False
Is 111351 composite?
True
Is 36433 a prime number?
True
Is 9619 prime?
True
Is 93103 a prime number?
True
Is 8197 composite?
True
Is 9383 prime?
False
Is 29123 a prime number?
True
Is 64219 a composite number?
True
Is 3359 a composite number?
False
Is 183053 a prime number?
False
Is 1472017 a prime number?
True
Is 10261 a composite number?
True
Is 1244333 composite?
False
Is 1415 composite?
True
Is 843527 a composite number?
False
Is 260911 prime?
False
Is 186037 a composite number?
False
Is 421495 composite?
True
Is 182747 a prime number?
True
Is 40087 composite?
False
Is 1399 a prime number?
True
Is 189463 a composite number?
False
Is 123479 prime?
True
Is 98443 a prime number?
True
Is 6547 a composite number?
False
Is 151877 prime?
False
Is 199313 a composite number?
False
Is 21709 composite?
True
Is 7069 prime?
True
Is 9871 prime?
True
Is 12839 a prime number?
False
Is 471 composite?
True
Is 200807 a composite number?
False
Is 68641 prime?
False
Is 6131 prime?
True
Is 1361 prime?
True
Is 219503 prime?
True
Is 69281 a prime number?
False
Is 638423 a composite number?
False
Is 127031 composite?
False
Is 3109 a composite number?
False
Is 1367 a composite number?
False
Is 137177 a composite number?
False
Is 329761 prime?
True
Is 586429 composite?
False
Is 17023 prime?
False
Is 1161231 composite?
True
Is 195967 prime?
True
Is 158747 prime?
True
Is 5747 a composite number?
True
Is 60859 a prime number?
True
Is 43663 a composite number?
True
Is 16217 prime?
True
Is 19534 prime?
False
Is 263735 a prime number?
False
Is 203233 prime?
True
Is 1342379 prime?
True
Is 8039 a composite number?
False
Is 267959 a prime number?
True
Is 38261 a prime number?
True
Is 6449 composite?
False
Is 5333 composite?
False
Is 24509 prime?
True
Is 353047 prime?
True
Is 33479 prime?
True
Is 320041 prime?
True
Is 7069 a prime number?
True
Is 328387 composite?
True
Is 28345 prime?
False
Is 1116743 composite?
False
Is 40609 a prime number?
True
Is 393473 prime?
True
Is 1922329 a prime number?
True
Is 929603 composite?
True
Is 18023 a composite number?
True
Is 31 prime?
True
Is 1100441 prime?
True
Is 2601437 a composite number?
False
Is 2548493 a prime number?
True
Is 1314283 composite?
False
Is 30029 prime?
True
Is 18143 a composite number?
False
Is 2161327 composite?
True
Is 197839 a prime number?
False
Is 2125873 a prime number?
True
Is 8111 a composite number?
False
Is 25697 a composite number?
True
Is 107999 composite?
False
Is 221698 a prime number?
False
Is 721178 composite?
True
Is 15509 a composite number?
True
Is 3097 prime?
False
Is 49307 a prime number?
True
Is 103369 composite?
True
Is 77453 composite?
True
Is 31741 prime?
True
Is 1701967 prime?
True
Is 109717 prime?
True
Is 381361 a composite number?
True
Is 26231 prime?
False
Is 1315 a composite number?
True
Is 9601 a composite number?
False
Is 21727 a composite number?
False
Is 330271 a composite number?
False
Is 3422447 a prime number?
False
Is 50399 a composite number?
True
Is 13094 a prime number?
False
Is 1135507 composite?
True
Is 20137 a composite number?
True
Is 59863 composite?
False
Is 39181 a composite number?
False
Is 25649 a composite number?
True
Is 2369 prime?
False
Is 71143 a composite number?
False
Is 6403 prime?
False
Is 913 composite?
True
Is 19553 a composite number?
False
Is 62366 composite?
True
Is 25147 composite?
False
Is 210853 prime?
True
Is 4197881 prime?
False
Is 5089 prime?
False
Is 117239 prime?
True
Is 14221 a composite number?
False
Is 2447 a prime number?
True
Is 167521 a composite number?
False
Is 43391 prime?
True
Is 22871 composite?
False
Is 1317 a composite number?
True
Is 35791 a composite number?
True
Is 40289 a prime number?
True
Is 799073 a prime number?
False
Is 4574 a prime number?
False
Is 69565 a prime number?
False
Is 10606 a composite number?
True
Is 199159 prime?
False
Is 236345 prime?
False
Is 1789835 prime?
False
Is 50047 prime?
True
Is 519679 a prime number?
False
Is 115114 composite?
True
Is 277013 a prime number?
False
Is 880331 a composite number?
False
Is 88969 composite?
False
Is 17011 a composite number?
False
Is 2483 prime?
False
Is 865114 a composite number?
True
Is 15683 a composite number?
False
Is 2449 a composite number?
True
Is 34793 composite?
True
Is 23017 composite?
False
Is 1473737 composite?
False
Is 97 prime?
True
Is 1147121 a prime number?
False
Is 50017 prime?
False
Is 25439 prime?
True
Is 155885 a composite number?
True
Is 406169 prime?
True
Is 191641 a prime number?
False
Is 44417 composite?
False
Is 7411 a composite number?
False
Is 79347 a prime number?
False
Is 50647 prime?
True
Is 499471 a prime number?
False
Is 15227 composite?
False
Is 161729 a prime number?
True
Is 2041 composite?
True
Is 27329 a prime number?
True
Is 12047 a prime number?
False
Is 2759 a prime number?
False
Is 93683 prime?
True
Is 11177 composite?
False
Is 319469 a prime number?
True
Is 1078843 a composite number?
True
Is 2657723 a composite number?
True